e the highest common factor of 26 and v.
26
Let y be 17*(-65)/15*-3. Let z be y/7 + 36/84. Calculate the highest common factor of z and 56.
8
Suppose 41 - 575 = -6*s. Let j = 209 - s. Suppose 8*x = 2*x + j. Calculate the greatest common factor of 220 and x.
20
Suppose -4*t + 4*o + 9512 = 0, -4*o - 1313 - 5821 = -3*t. Calculate the highest common divisor of 174 and t.
58
Let b(z) = -z**3 + 113*z**2 - 103*z - 1083. Let g be b(112). Let p(d) = 16*d + 7. Let i be p(5). Let j = g + i. Calculate the highest common divisor of 8 and j.
4
Suppose 0 = 5*t - 4*h - 259, -4*t - 13 = h - 216. Let s = 15 - t. Let p be -425*(s/15 + 2). Calculate the highest common factor of 34 and p.
34
Let b = 244 + -232. Calculate the highest common factor of b and 822.
6
Let q(p) = p**3 - 6*p**2 + p + 17. Let z be q(5). Let c be 3/(4/(1 - z)). Suppose 77 = -c*i + 10*i. Calculate the greatest common factor of i and 11.
11
Let j be 60*6/(-5 - -23). Let f be 2/1*10/(-2). Let c = f + j. Calculate the greatest common divisor of c and 2.
2
Let a be (-263)/(-1052) + (-46582)/(-8). What is the highest common divisor of 36 and a?
9
Suppose -5*p = -2*p. Let v = -2984 + 2981. Let s be (p - 7)/(((-12)/v)/(-48)). Calculate the greatest common divisor of 12 and s.
12
Suppose -9 = -65*y + 64*y - 3*o, y - o = 17. What is the greatest common factor of 1265 and y?
5
Let t(r) = 2*r + 56 - 12*r + 6*r. Let i be t(13). Let m be (2 + (-8)/3)*-54. Calculate the highest common divisor of m and i.
4
Let f be -7 + ((-9786)/(-21) - 18). Calculate the highest common divisor of f and 5145.
147
Let d(c) = 25*c**3 - 11*c**2 - 4*c - 4. Let o be d(2). Calculate the highest common divisor of 176 and o.
16
Let u = -5 + 12. Let h be (-11 - -4) + (5 + -6)*13. Let g(x) = -x**2 - 17*x + 63. Let c be g(h). Calculate the highest common divisor of u and c.
1
Let u = -1898 + 2152. What is the highest common divisor of u and 2?
2
Let a(g) = 7*g**2 - 95*g - 33. Let q be a(14). Calculate the highest common divisor of q and 1233.
9
Let l = -2795 - -3350. What is the highest common factor of l and 75?
15
Let o(x) = 6*x**2 - 6*x + 7. Let t = -147 - -150. Let d be o(t). What is the highest common divisor of 1 and d?
1
Let a = 7696 - 7596. What is the highest common divisor of a and 31500?
100
Suppose 2*v + 6 = 6*v + 3*k, -3*k - 6 = 0. Suppose -2 = -2*q, -v*y = -q - 101 + 6. Suppose -w - 64 = -5*w. What is the greatest common factor of y and w?
16
Suppose -3*f + 2*b + 602 = 0, -8 = -7*b + 9*b. Calculate the greatest common divisor of 8 and f.
2
Let w be (-6)/18 - (-3872)/24. Suppose -2*v = -5*g + 164, 0 = 14*g - 19*g + 3*v + w. What is the highest common factor of 136 and g?
34
Let s be (-6)/8*72/27 + 11. Calculate the highest common divisor of 315 and s.
9
Let n be -10 - 36/(-4) - (-255 - (3 + -2)). What is the highest common divisor of n and 2448?
51
Let w(f) = 5*f**2 + 27*f + 11. Let c be w(-6). Let y = 29 - c. Suppose -8*x = -y*x - 104. Calculate the highest common divisor of 13 and x.
13
Suppose -19623 - 5493 = -19*m - 73*m. What is the highest common divisor of m and 78?
39
Suppose -2 = -7*z + 19. Suppose -c = 3*h - 5, -z*c - 4*h = -h - 27. Calculate the greatest common divisor of 121 and c.
11
Let g = 4403 - 4268. What is the highest common divisor of 3105 and g?
135
Let u be 0/((-32)/8) + -10 + 331. Calculate the greatest common divisor of u and 428.
107
Let m be 50 - (-69)/(2139/1240). Suppose 0*d - 3*d + 90 = 0. Calculate the highest common divisor of m and d.
30
Let k = 547 + -379. Let m = k + -164. Let f(o) = o**3 - 10*o**2 + 12*o - 7. Let z be f(9). Calculate the greatest common factor of z and m.
4
Let v = -11 - -48. Suppose -5*l = m - 91, -7*m - 4*l = -9*m + 238. Calculate the highest common divisor of v and m.
37
Suppose 4*g + 0*r - 352 = 4*r, r - 252 = -3*g. Let p = -52 + g. Suppose -4*w = -53 + p. What is the greatest common divisor of w and 5?
5
Let y(b) = -3*b + 6 + 0*b + 3*b + 4*b. Let q be y(3). Suppose 17*c - q*c = -56. What is the highest common factor of 140 and c?
28
Suppose -3*x = 3*l - 21, 4*x + 2*l + 0*l = 22. Let i(p) = -p**3 + 4*p**2 + p. Let q be i(x). What is the greatest common factor of q and 36?
4
Let u be (10980/(-42))/(((-8)/(-7))/(-8)). What is the greatest common factor of u and 120?
30
Suppose -q = -y - 213, 388*y + 10 = 386*y. What is the highest common factor of q and 13?
13
Suppose 0 = -5*n - 2*c + 102, 40 = 3*n + c - 21. Calculate the highest common factor of n and 1370.
10
Let x(z) = 2*z**3 + 5*z**2 + 2*z - 6. Let i be x(4). Suppose -7*d + 10*d - 240 = -2*h, -3*h = 18. What is the highest common divisor of i and d?
42
Suppose 23*t = 3722 + 42278. What is the greatest common factor of 320 and t?
80
Suppose 0 = 8*c - 0*c + 1216. Let s = c + 240. Let k = 94 - s. What is the highest common factor of 114 and k?
6
Let h = -61 - -64. Suppose -12 = -4*c + 188. Suppose h*k - c = -2. What is the highest common factor of k and 96?
16
Let k(o) = -78*o + 3. Let q be k(-4). Let w = 1296 + -335. Suppose w = 6*d + 691. Calculate the greatest common divisor of d and q.
45
Suppose 0 = -5*d + 6*f - f + 2725, 2*d + 2*f - 1070 = 0. Let c(w) = -20*w - 60. Let r be c(-6). What is the greatest common factor of d and r?
60
Suppose i - 14 + 11 = 0. Suppose -2*f - 5*u = -f - 170, -5*u + 520 = i*f. Let s = -105 + f. What is the greatest common factor of s and 28?
14
Let j be ((-278)/(-139))/(1/52). Calculate the highest common factor of j and 32.
8
Let x = 405 + -360. Let v(k) = -5*k**2 - 3*k**2 - 12 - k**2 + 11*k - k**3 - 4*k**2. Let n be v(-14). Calculate the greatest common divisor of x and n.
15
Let t be (-13)/(312/(-90))*16/6. Let h = 85 - 79. Calculate the greatest common divisor of h and t.
2
Let m(w) = 4*w**2 + 52*w - 326. Let i be m(5). Calculate the greatest common factor of 799 and i.
17
Let v be (234/7)/(2790/252 + -11). Calculate the greatest common divisor of v and 182.
26
Let u = -12 + 25. Suppose 3*z - 2223 = 2*j, 3*z - 16*j - 2223 = -u*j. What is the highest common divisor of 114 and z?
57
Let p(s) = 423*s**3 - 4*s**2 - s + 13. Let r be p(2). Suppose -3*y = 5*w - 5*y - r, -3*y = -2*w + 1356. Calculate the highest common factor of w and 27.
27
Let s be (0/1 - -2)/((-4)/(-32)). Suppose -13*g + 56 = 17. Suppose -g*a + 48 = -2*a. Calculate the highest common divisor of s and a.
16
Let c(y) = -35*y**2 - 1. Let a be c(-1). Let f = a - -84. Let l = -531 + 555. Calculate the highest common divisor of l and f.
24
Suppose 24*k = 41*k - 4046. Calculate the greatest common factor of 3213 and k.
119
Let d(i) = -36*i + 197. Let w be d(5). Suppose -3*k = -k + 4. Let x be 151 - (-3 + 7)/k. Calculate the highest common divisor of w and x.
17
Let f(u) = 61*u + 100. Let k be f(1). What is the greatest common factor of k and 28?
7
Let h = 29 - -235. Calculate the highest common factor of h and 143.
11
Suppose 0 = -47*m + 50*m - 12. Suppose -1 - 43 = -m*h. Suppose -k + 5*k - 216 = -2*x, 4*x + 228 = 4*k. Calculate the highest common divisor of k and h.
11
Let r = 90 - -205. Let t = r - 187. Let y be 37 - (1 - 0/(-1)). What is the highest common divisor of t and y?
36
Suppose -s - 2 = -4*r - 2*s, 2*s + 3 = -r. Let z be 40/5*r/4. Let x be (-1 + 57/12)/(z/8). What is the highest common divisor of x and 255?
15
Let g = 202 - 246. Let b be (-1 - 38)/(4/g). Calculate the greatest common divisor of 78 and b.
39
Suppose 169 = 4*o - 3*y, 3*o = -19*y + 20*y + 133. Calculate the greatest common factor of o and 2.
2
Let d be ((138 - 0)/3)/1. Let g(f) = 2 - f**2 - 86*f - f**3 - 16*f**2 - 21*f**2. Let k be g(-36). Calculate the highest common factor of d and k.
46
Let x(a) = 74*a**3 + 3*a**2 - 9*a + 17. Let u be x(2). Calculate the highest common factor of 268 and u.
67
Suppose -5*p + 25 = 10. Suppose 2*c - 10 = 5*t + p, 0 = -t + 5*c - 21. Let q be ((3 - 24) + -2)/(t*1). Calculate the highest common divisor of 92 and q.
23
Let v(t) = t**3 + 5*t**2 + 462. Let c be v(0). What is the highest common divisor of c and 16401?
231
Suppose -2*d + 3*d = -4*d. Let y be d*3/12 - 6. Let w = y - -11. What is the greatest common factor of 2 and w?
1
Suppose 2*j - 2*r = 191 - 47, 2*r = -4. Let u = -67 + j. What is the highest common divisor of 21 and u?
3
Let a(n) = n**3 + 8*n**2 - 10*n + 13. Let w be a(-9). Let g(y) = -y**3 - 10*y**2 